*q**2 - 3*q + 4. Let y(n) = -3*n**2 - 2*n + 3. Let d(j) = -3*c(j) + 4*y(j). Give d(-1).
-4
Let l(j) be the third derivative of -j**6/120 + 7*j**5/60 - 5*j**4/24 + j**3/2 - 97*j**2 + 1. What is l(4)?
31
Let f = 3 + -1. Let h(r) = -4*r**3 - 7*r**2 + 5*r - 2. Suppose 3*s - 5*s = -10. Let c(t) = t**3 + t**2 - t. Let n(z) = s*c(z) + h(z). Give n(f).
-2
Let q(h) = h**2 - 5*h + 1. Suppose -145 + 209 = 8*k. Give q(k).
25
Let d = -1 + 1. Suppose d*n = 5*n + 20. Let k(l) = -2 - 7 - 2 - 4*l + 10 + 0. Give k(n).
15
Let q(x) = x + 84. Let s(b) = -37. Let d(z) = -3*q(z) - 7*s(z). Calculate d(-10).
37
Let i(c) be the third derivative of c**4/24 + c**3/6 - 3*c**2. Let g(x) = x**2 + 2*x - 13. Let w be g(0). Let a = w + 9. Determine i(a).
-3
Let k(j) = -j**3 + j**2 + j + 4. Let s(a) = -a**2 - 28*a - 177. Let d be s(-10). Give k(d).
-11
Let c(j) be the third derivative of 7*j**5/30 + j**4/24 - j**2. Let o(w) be the first derivative of -w**3/3 + 3*w**2 - 10*w + 22. Let r be o(3). Give c(r).
13
Let z(m) = m + 9. Let v = -14 - -21. Suppose 2*o + 20 = 4*n, -n + 0*n + v = -o. What is z(o)?
5
Let b(h) = h - 8. Let n(a) = -2*a**2 + 11*a + 13. Let f be ((-3)/(-5))/(4/40). Let j be n(f). Give b(j).
-1
Let j(i) = 6*i + 115. Let w(u) = 21*u + 212. Let y be w(-11). Determine j(y).
1
Let q(y) = y**2 - 3*y + 5. Let g(b) = -b. Let r be (2 - 0) + (8 - 7). Suppose 27 = -r*v - 3*f, 4*v - 2*v + 3*f + 23 = 0. Let n be g(v). What is q(n)?
9
Let r(b) = 2*b + 7. Let k be r(0). Let t(v) = 2*v**2 + 10*v + 4. Let c(y) = 3*y**2 + 19*y + 8. Let m(f) = -3*c(f) + 5*t(f). Calculate m(k).
-4
Let k(x) = -49*x + 19. Let q(o) = o**2 + 145*o - 56. Let j(a) = 7*k(a) + 2*q(a). Give j(26).
-5
Let i = 616 - 618. Let f(a) = -6*a - 1. What is f(i)?
11
Let p(h) be the first derivative of -19 - 1/4*h**4 - 3*h + 0*h**3 + 2*h**2. Determine p(2).
-3
Suppose -2*m - 2*b = -14, -5*b + 4 = -4*m + 14. Suppose 18 = m*r - 3*k, -3*k = -2*r - k + 8. Let f(j) = -j**3 + 3*j**2 - 3*j + 3. Calculate f(r).
-6
Let g(m) = -m**2 - 33*m + 149. Let f be g(-37). Let z(v) = 2*v**2 + 0*v**2 - 2*v + 5*v**2 + v + 1. Give z(f).
7
Let y(t) be the third derivative of 1/24*t**4 + 0 - t**2 + 0*t - 5/3*t**3. Suppose -5 = 2*w + h, 12*w + 20 = 17*w - 4*h. Calculate y(w).
-10
Let x(b) = -b**3 + 5*b**2 - b + 8. Let y = -1292 - -1296. Determine x(y).
20
Let b(q) be the third derivative of q**5/60 + q**4/3 - 5*q**3/6 - 269*q**2. Calculate b(-7).
-12
Let m(a) = a**3 + 4*a**2 - 9*a - 6. Let f be 13/(-39) + 1 + (-20)/3. Determine m(f).
-24
Let v(q) = q**2 + 6*q + 5. Let d = -678 + 671. Calculate v(d).
12
Let d(o) = o**3 + 3*o**2 - 5*o + 2. Let b be (9/(-3) - -3)/2. Suppose -4*s + 27 = -3*k, b*k - k + 17 = 3*s. Suppose s*x - 2*x = -16. Calculate d(x).
6
Suppose -17*v + 11*v = 42. Let k(m) = -4*m + 6. Let o(s) = 5*s - 5. Let y(t) = -6*k(t) - 5*o(t). What is y(v)?
-4
Let k(g) = -3*g**2 - 8. Let w(z) = 5*z**2 + 13. Let f(t) = -8*k(t) - 5*w(t). Determine f(0).
-1
Let j(x) be the first derivative of -x**2/2 + 6*x - 63. Determine j(16).
-10
Let c(w) = -4*w**2 - 9*w - 10. Let t(b) = b**2 + b + 1. Suppose 2*g = 4*s + 2, -13 = 3*g - 2*g + 5*s. Let v(x) = g*t(x) - c(x). Give v(-5).
2
Let k(z) = 49*z - 92*z - z**2 + 4 + 40*z. Give k(-6).
-14
Let d(a) = -a**3 - 9*a**2 + 9*a - 4. Let k(v) = -3*v**3 - 27*v**2 + 26*v - 11. Let n(w) = 7*d(w) - 2*k(w). Give n(-10).
-16
Suppose 0 = -268*m + 276*m - 104. Let x(u) = u**2 - 10*u - 9. Give x(m).
30
Let r(d) = 3*d + 463 + d + 450 - 904. What is r(-6)?
-15
Suppose 0 = -5*j + 76 - 111. Let l(x) = -10*x - 8. Suppose 4*t + 3 = -1. Let a(f) = f**2 - f. Let o(r) = t*l(r) + a(r). Give o(j).
-6
Let q be (2/2)/(1 - 856/848). Let t = -110 - q. Let x(j) = -2*j**2 - 7*j - 6. Calculate x(t).
-10
Suppose 3*f + p - 6 = 0, -18*f + 4*p = -23*f + 10. Let h(k) = k**3 - k + 1. Give h(f).
7
Let s(f) = -f**2 - 5*f + 1. Let g(d) = d**2 + 20*d - 16. Let h be g(-21). Suppose 19*c + 90 = -h. Calculate s(c).
1
Let q be 88/16*((-18)/6 + 5). Let f(x) = 4*x - 43. Determine f(q).
1
Suppose -8*a - 10 = 14. Let r be 2/(-1)*(a + (-36)/(-8)). Let d(w) = -2*w + 3. What is d(r)?
9
Let o(c) be the third derivative of -c**4/24 - 3*c**3/2 - 20*c**2 + 2. Determine o(-6).
-3
Let o(l) = l**2 - 2*l + 2. Suppose -x - 5*x = -24. Give o(x).
10
Let z(b) be the second derivative of -b**3/3 - 3*b**2/2 - 2*b - 65. Give z(-4).
5
Let p(u) = -3*u**3 - 3*u**2 + 1. Let x be -3 + 1 + 6/(-2). Let q(y) = -5*y**3 - 4*y**2 + 2. Let t(z) = x*q(z) + 8*p(z). What is t(2)?
-10
Let q(g) be the third derivative of g**5/60 - 25*g**4/24 + g**3/2 - 729*g**2. Calculate q(25).
3
Let u be -13 - -3 - (-324)/(-36). Let g(r) = -r**3 - 19*r**2 - 2*r - 42. Determine g(u).
-4
Suppose -180*d - 56 = -166*d. Let r(i) be the third derivative of -i**4/24 - i**3/3 + 2*i**2. Calculate r(d).
2
Let b(s) = 2*s**3 - 17*s**2 - 7*s - 5. Let y(c) = c**3 - 14*c**2 - 7*c - 5. Let x(u) = 2*b(u) - 3*y(u). Determine x(-7).
5
Let i(w) = 2*w**2 - 16*w - 2. Let p(f) = 2*f + 1. Let a(k) = -i(k) - 5*p(k). What is a(3)?
-3
Let b be (-88)/(-33)*6/4. Let t = b - -2. Let w(d) be the second derivative of -d**4/12 + d**3 - 3*d**2/2 - 2*d. Determine w(t).
-3
Let m be ((-3)/2)/(21/(-28)). Suppose -m*n + 3 - 9 = 0. Let o(q) = -q**3 - 1 + 2*q**2 + 2*q**3 - 2*q + 2. Give o(n).
-2
Let q be (0 + (-7)/(-35))/(2/10). Let d(x) = 39*x**3 + x**2 - x + 1. Calculate d(q).
40
Let c(s) = -s**2 - 2*s + 1. Let z(i) = -2*i**2 - 4*i + 1. Let p(k) = 5*c(k) - 2*z(k). Let y be (-209)/44 - (-18)/24. What is p(y)?
-5
Let t(x) = x**2 - 7*x - 2. Let c be t(8). Suppose 0 = -2*d - d - c. Let u(o) = -2*o**3 + o - 2. Give u(d).
12
Let x(p) = 8488*p**3 - 2 - 19 + 2*p + p**2 - 8487*p**3. What is x(0)?
-21
Let t(z) = -7*z + 5. Let h(w) = -6*w + 5. Suppose -3*y + 3*u + 6 = 0, -u + 26 = 4*y + 4*u. Let m(o) = y*h(o) - 3*t(o). Give m(-4).
17
Let x(s) = 2*s**2 + s - 5. Let l be ((-6)/(-9))/1*(5 - 2). Let p be x(l). Let n(b) = b - 4. Give n(p).
1
Let j(z) = 8*z - 27 + 20 + z**2 + 17. Let p(g) = -7*g**3 - g + 1. Let c be p(1). Calculate j(c).
3
Let u = -90 + 95. Let g(s) = 0 - 6*s - 1 + 7*s. Calculate g(u).
4
Let n(k) = k**2 - 26*k + 68. Let v be n(23). Let l(h) = 46*h - 1. Determine l(v).
-47
Let x(m) be the third derivative of 11*m**4/12 + m**3/3 - 684*m**2. What is x(-3)?
-64
Let d(c) = -59*c + 47*c + 9*c**2 - 2 - c**3 + 23*c. Give d(10).
8
Let l(u) = 14*u - 42. Let s(m) = 4*m - 14. Let x(t) = 3*l(t) - 10*s(t). What is x(-10)?
-6
Let b = 101 + -96. Let j(k) = -b*k**2 - 2 - 6*k - k**2 - 4*k**2 + 9*k**2. Determine j(-7).
-9
Let f(c) = -c**3 + 3*c**2 + c - 2. Suppose 22*x = 19*x. Suppose 46*v - 40*v - 18 = x. Determine f(v).
1
Let k(t) = 0*t**2 - 2*t + 2*t**3 + 0*t**2 - 1 + 3*t**2 - 5*t**2. Calculate k(-1).
-3
Let u(p) be the first derivative of 1/4*p**4 - 7/2*p**2 + 6*p - 4/3*p**3 - 22. Calculate u(5).
-4
Let f(q) = -5*q - 1. Let d = -133 + 94. Let a be d/12 + 2/8. Let k(r) = r**3 + 2*r**2 - 2*r + 4. Let n be k(a). Calculate f(n).
-6
Suppose 38 = -b + 3*b. Let y(c) = 2 + 23*c - 43*c + b*c. Determine y(-2).
4
Let s(n) be the third derivative of n**4/8 - 7*n**3/3 - 2*n**2. Calculate s(5).
1
Let i(g) be the second derivative of 26*g + 0 - 5/6*g**3 - 5/2*g**2 + 1/12*g**4. Calculate i(5).
-5
Let h(p) = p**3 + 5*p**2 - p - 4. Suppose -4*z + 45 = 65. Determine h(z).
1
Let z(f) = f**3 - 3*f**2 - 2*f - 1. Let b = -4 + 7. Suppose -8*p - b = -9*p. What is z(p)?
-7
Let o(l) be the third derivative of -l**6/30 + l**5/30 - l**3/6 + 860*l**2. Calculate o(-1).
5
Let g(j) be the first derivative of -5/2*j**2 + 1/3*j**3 - 3*j - 8. Determine g(6).
3
Let u(d) be the second derivative of -d**4/12 + 7*d**3/6 - 9*d - 2. What is u(5)?
10
Let y(m) = -15 + 7*m - 5 + 10 + 8*m**2 - m**3 - 3*m**2. Let f = -15 + 21. Let x be y(f). Let r(c) = -c. What is r(x)?
4
Suppose 0 - 6 = -3*m + 4*x, 5*m - 10 = 2*x. Let a(w) = 0*w + 18*w**2 - 3*w - 21*w**m. What is a(-2)?
-6
Let j(z) = 10*z + 1. Let k(n) = -2*n + 2*n - 3*n + 9*n. Let g(v) = 2*j(v) - 5*k(v). Calculate g(2).
-18
Let k = 275 - 288. Let f(q) = q**2 + 14*q + 10. Give f(k).
-3
Let c(k) = 9*k**2 + 14*k - 1. Let d(o) = 26*o**2 + 39*o - 2. Let v(l) = -11*c(l) + 4*d(l). Calculate v(-3).
42
Let n be (-6 - (-4 - -8))/(2 + 0). Let x(q) = q + 5. Calculate x(n).
0
Let x(f) = -3*f**2 + f + 3 - f**3 - 4*f - 8. Let z be 7/((-21)/1)*(10 + 2). Give x(z).
